q + 12*q + b. What is the remainder when q is divided by 1 - -35 - (0 + 1)?
32
Let s = -99 - -170. What is the remainder when 496 is divided by s?
70
Let t = -4103 - -4123. Let d = 30 - -48. What is the remainder when d is divided by t?
18
Suppose -t - 6*g + 4*g = -50, 5*t = 3*g + 185. What is the remainder when 62 is divided by t?
22
Suppose -176*w + 169*w = -581. What is the remainder when w is divided by 23?
14
Let p(j) = -j**2 - 11*j - 1. Let q(i) = -i**3 - 7*i**2 + 2*i + 6. Let n be q(-7). Let t = 82 - 16. What is the remainder when t is divided by p(n)?
20
Calculate the remainder when 42 is divided by 13 - (-25 + 21 - 12/(-2)).
9
Let n be ((-13)/(-1))/(1*(-5)/5). Let u = 24 + -3. Calculate the remainder when u is divided by (n + -13)*(-1 - 2/(-4)).
8
Suppose 2*c - 4 = -2*y, -6*y = c - 4*y + 2. What is the remainder when 121 is divided by c?
1
Let w be (8 - -3)/(0 - 1). Let o(m) = m**2 + 10*m - 5. Let g be o(w). Suppose 4 - 16 = -g*x. Calculate the remainder when 3 is divided by x.
1
Let y = -919 + 931. What is the remainder when 393 is divided by y?
9
Let h = -111 + 151. Calculate the remainder when h is divided by 11.
7
Let f = 3 + 9. Suppose -2*t + 3*p + 219 = 0, 9*t + 5*p - 510 = 4*t. Let l = 152 - t. Calculate the remainder when l is divided by f.
11
Let x(s) = 17*s + 1. Let r(u) be the first derivative of -u**3/3 + 15*u**2/2 - 2*u - 17. What is the remainder when r(6) is divided by x(1)?
16
Let s = 14 - 9. Suppose -4*l = 2*g + g - 67, -2*g + 89 = s*l. What is the remainder when 92 is divided by l?
16
Suppose 54 = -6*r + 15*r. Suppose 120 = 3*x + 3*m, 3*m = 4*x + x - 192. Calculate the remainder when x is divided by r.
3
Suppose -10*v - 880 = -3170. What is the remainder when v is divided by 33?
31
Let g(z) = -3 + 3*z**2 + 4 - 2*z**2 - 61 + 12*z. Calculate the remainder when 199 is divided by g(-17).
24
Let j(w) = -3*w**2 - 6*w - 10. Let s(f) = -8*f**2 - 19*f - 28. Let l(y) = 11*j(y) - 4*s(y). Calculate the remainder when 3 is divided by l(10).
1
Calculate the remainder when 27 is divided by ((-2)/4)/(39/(-312)).
3
Let i be (-55)/(-15) - (-3)/9. Suppose -2*x - 2 = 0, -i*x - x + 145 = f. What is the remainder when f is divided by 17?
14
Suppose 8 = -2*q + 6*q. Let g = -225 + 234. What is the remainder when g is divided by q?
1
Let m(x) = -x**3 + 4*x**2 + 89*x + 266. Suppose 461 = 4*z - 263. What is the remainder when z is divided by m(-3)?
57
Let w(k) = -3*k**2 - 21*k - 11. Suppose 2*r + 18 = -r. Calculate the remainder when w(r) is divided by 3.
1
Let o be (-255)/(-25) + (-3)/15. Let p(v) = 2*v - 9. Let r(m) = 4*m - 17. Let c(s) = -5*p(s) + 3*r(s). Calculate the remainder when 54 is divided by c(o).
12
Let z be -4 - ((-8)/2 - -1). Let a = 10 + -12. What is the remainder when (-18)/a*(14 + z) is divided by 30?
27
Suppose 3*n = r - 38, -5*r - n + 280 = 2*n. Calculate the remainder when r is divided by ((-138)/12 - -1)/(15/(-20)).
11
What is the remainder when 12/15 - (-47460)/175 is divided by 21?
20
Let g = -2391 - -2435. Calculate the remainder when 746 is divided by g.
42
Let r(j) = j**3 - 7*j**2 + 8*j - 7. Let a be r(6). Suppose -3*f + 5*m + 14 = -36, a*f = 5*m + 100. What is the remainder when 49 is divided by f?
24
Suppose 6*k - 202 - 56 = 0. Let s be (-138)/(-24) + 1/4. Calculate the remainder when k is divided by (s/9)/((-2)/(-27)).
7
Suppose d - 14 = -195. Let g = d - 80. What is the remainder when 6/(-15) - g/15 is divided by 9?
8
Let v = 16 + -20. Let r = v + 7. Calculate the remainder when (-2)/r*270/(-5) is divided by 13.
10
Let m = 19 + -77. Let f = 102 + m. Let v = 18 + 5. Calculate the remainder when f is divided by v.
21
Let g = 1514 + -1229. Calculate the remainder when g is divided by 72.
69
Let o(q) = -47 + 51 - 2*q + 2*q**2 - 2*q + q**3. Let k be o(-3). What is the remainder when 6 is divided by k/35 + (-14)/(-5)?
0
Let y(p) = -p**2 + 6*p + 2. Let w be y(5). Suppose -4*l = -w*l - 9. Let n(k) = -3*k**3 - k**2 + 2*k - 1. Calculate the remainder when n(l) is divided by 11.
10
Suppose -2*v + 22 = g, g - 4*v = v - 13. What is the remainder when ((-1 - (1 - -1)) + 54)*(-130)/(-195) is divided by g?
10
Let w = 104 + -94. Suppose -45 = -9*l + 6*l. What is the remainder when l is divided by w?
5
Let s = -130 + 165. What is the remainder when 39 is divided by s?
4
Suppose 4*z - 40 - 56 = 0. Let q = z + -9. Calculate the remainder when 42 is divided by q.
12
Suppose -32 = 7*z - 9*z. What is the remainder when 62 is divided by z?
14
Let f = -26 + 55. Calculate the remainder when f is divided by 8.
5
Let m(n) be the second derivative of n**3/3 - 5*n**2 + n. Let x be m(7). Calculate the remainder when 430/30 - x/(-6) is divided by 8.
7
Suppose 119 + 7 = 6*f - 66. Calculate the remainder when f is divided by (-2)/(((-4)/(-26))/(-1)).
6
What is the remainder when 14*(-16)/(-56) - -66 is divided by 19?
13
Suppose 82 + 26 = 3*y. Let z = -24 + y. What is the remainder when z is divided by 7?
5
Let c(r) = -10*r + 143. Calculate the remainder when c(11) is divided by 8.
1
Suppose 8 = -2*q + 90. What is the remainder when 106 is divided by q?
24
Suppose 3*w + n - 4*n = -63, -2*w = 2*n + 54. What is the remainder when 45 is divided by (-1 - w)/(-6 + 7)?
22
What is the remainder when ((-171)/6 - -2)/((-2)/36) is divided by 10?
7
Let z be 0 + (-1 - -1) + -1. Let g(d) = -d**2 + 11*d - 14. Calculate the remainder when g(6) is divided by z/2 + (-39)/(-6).
4
Suppose -4*s + 96 = 2*s. Suppose -n + h = -3*n + 94, 4*h + s = 0. Calculate the remainder when n is divided by 13.
10
Suppose 680 = -56*y + 3424. What is the remainder when y is divided by (26/6)/((-1)/(-3))?
10
Let n be 214/(-14) - 2 - 8/(-28). Let x = n - -37. What is the remainder when 98 is divided by x?
18
Let o(j) = 13*j - 8. Let w(z) = -2*z**3 - z**2 - 21. What is the remainder when o(6) is divided by w(-3)?
22
Let b(h) = -10*h + 13. What is the remainder when b(-7) is divided by 21?
20
Let n(x) = -85*x + 684. Suppose 2 + 4 = 3*f. Calculate the remainder when n(8) is divided by f.
0
Let j(i) = i**2 - i + 14. Let n be j(9). Suppose -10*z + n = -8*z. What is the remainder when 82 is divided by z?
39
Suppose 4*q - 5*q = 52. Let o = q + 118. Suppose 5*u + 4*d = 311, -3*u + 2*u = -3*d - o. Calculate the remainder when u is divided by 16.
15
Let a = 25 + 38. Calculate the remainder when a is divided by 14.
7
Suppose 35 - 55 = -4*c. Suppose -3*n + 3*m = -93, c*m + 90 = 3*n - 9. Calculate the remainder when 110 is divided by n.
26
Let w = 91 - -62. Calculate the remainder when w is divided by (-31 + -1 + 1)/(-1).
29
Calculate the remainder when (-2163)/(-42) - 2/4 is divided by 6.
3
Suppose -c - 2*o - 5 = 0, -o - o = 4*c - 4. Let w = 553 - 538. Calculate the remainder when w is divided by c.
0
Let c = -70 + 107. Suppose -278 - c = -5*l. What is the remainder when l is divided by 11?
8
Let m(a) = 2*a - 7. Let n be m(6). Suppose 0 = n*j - 35 + 10. What is the remainder when 23 is divided by j?
3
Suppose -97 = 5*d - 472. Let x be 1 + -1 + -1 + 24. Let k = x - 4. Calculate the remainder when d is divided by k.
18
Let b = -95 + 106. Let m(o) = 6*o - 7. Calculate the remainder when m(8) is divided by b.
8
Let h = 21 - 20. Suppose 0 = -2*w - 4, 0*w + 61 = 3*g - 2*w. Calculate the remainder when 75/h + (-5 - -2) is divided by g.
15
Let l(i) = -124*i + 247*i - 115*i - 19. Calculate the remainder when 23 is divided by l(4).
10
Let r(o) = o**2 + 3*o - 3. Let v = -158 + 162. What is the remainder when r(-6) is divided by v?
3
Let a(b) = -b**2 + 2*b + 5. Let i be a(0). Suppose -5*w + 2 = 4*m, 4*w - i = -3*m - 3. What is the remainder when 21 is divided by w?
1
Suppose -37*w + 35*w + 62 = 0. What is the remainder when 90 is divided by w?
28
Suppose 2*d - 34 = 20. Let b = -29 + 105. What is the remainder when b is divided by d?
22
Let u = -2 - -18. What is the remainder when 61 is divided by u?
13
Suppose -60*s + 56*s = 20, 5*s = u - 188. Calculate the remainder when u is divided by 7.
2
Let b = -687 - -1266. Let q = b + -397. Suppose -s + q = 3*c - 0*s, -2 = -s. Calculate the remainder when c is divided by 21.
18
Let p be (4/6)/((-1)/(-18)). What is the remainder when (-66 + -2)*(-9)/p is divided by 19?
13
Let a = 9 - 2. Let l = 8 + a. Suppose -5 = -q + j, -3*q + 0*j = -j - l. What is the remainder 